**2 + 5*f + f**3. Let k be 1/3*11/(66/72). What is h(k)?
5
Let o(y) = 2*y - 1. Let a be ((-1 + 21)/(-4))/1. Calculate o(a).
-11
Let y(v) = 3*v**3 - 2*v + 1. Let g be y(1). Suppose -g*s - 2 = 0, -2*s = 2*k + s + 9. Let b(a) = -a**3 - 2*a**2 - 4. Calculate b(k).
5
Let w = -34 - -31. Let l(g) = -4*g + 2. Give l(w).
14
Suppose -5*f = 1 + 14. Let c(l) = -l**3 - 3*l**2 + l - 4. Calculate c(f).
-7
Let d(a) = 39*a**3 + 2*a**2 + a + 7. Let u(f) = 19*f**3 + f**2 + f + 4. Let m(j) = 3*d(j) - 5*u(j). What is m(1)?
22
Let k(f) = f - 4. Let c be 3*3/(-18)*0. What is k(c)?
-4
Suppose -3*r = -6 - 3. Let o = -3 + r. Let d(w) = w**2 - w - 8. Calculate d(o).
-8
Let r(j) = -3*j**2 - 3*j**2 + 0 - 5 - j**3 - 1 - 6*j. Suppose -4*o - 3*f + 0*f = 0, 2*o + 5*f = 0. Let i = o - 5. Give r(i).
-1
Let k be 1/3 - 47/(-3). Suppose 0 = -2*z - 2*z - k. Let r(j) = -2*j**2 - j + 4*j**2 + 6 + 8*j. Give r(z).
10
Let g(q) be the third derivative of -q**6/240 - q**4/6 + 7*q**2. Let f(m) be the second derivative of g(m). Give f(-2).
6
Suppose 0 = 4*s + s. Let t(a) = -a - 1. Let p(m) = m**3 - m**2 - m + 5. Let b(g) = -p(g) + t(g). Calculate b(s).
-6
Let r(t) = 2*t + 3 + t**2 + 19*t - 24*t + 13*t. What is r(-8)?
-13
Let z be 2/5 - (-36)/10. Let f(m) = m**3 + 4*m**2 - 4*m - 5. Let x(w) = 4*w**3 + 12*w**2 - 14*w - 15. Let y(a) = 7*f(a) - 2*x(a). What is y(z)?
-5
Let p(z) = -z**2 - z. Let j(v) = -v**2 - 4*v - 3*v - 2 + 10. Let k be j(-8). Determine p(k).
0
Let c(k) = 11*k**3 + 4*k**2 - k - 3. Let p(r) = 5*r**3 + 2*r**2 - 1. Let o(s) = -4*c(s) + 9*p(s). Determine o(-2).
-5
Let t(c) = -3*c**2 + 7*c - 8. Let g(n) = n**2 - n + 2. Let k(h) = -2*g(h) - t(h). What is k(4)?
0
Let z(s) = s - 4*s - 3 + s**2 + 0*s - s**3 - 4*s**2. Let o = 5 - 8. Determine z(o).
6
Let z(r) = 6*r - 3. Let w(i) = -17*i + 9. Let k(g) = -3*w(g) - 8*z(g). Let d be (-6)/(3/(-2)*1). Let f(h) = -h + 7. Let q be f(d). Determine k(q).
6
Let c = 109 + -104. Let w(g) = -g**2 + 6*g - 4. Give w(c).
1
Let o = -7 - -9. Suppose 2 = o*g + y + 3, 4*g + 3*y = 1. Let n = 7 + g. Let k(f) = -f**3 + 4*f**2 + 5*f - 2. Calculate k(n).
-2
Let v(k) = -k - 6. Suppose -58 = -5*u + 27. Let x = u + -12. Suppose -x*m - 22 = 3. Give v(m).
-1
Let w(n) = -8 + 4*n + 7 - 2*n. Suppose v = -2*v - 5*f + 12, -5*f = 0. Calculate w(v).
7
Let y(p) = -p**2 - 5*p + 6. Suppose 0*j + 5*g - 5 = 3*j, 27 = 3*j + 3*g. Suppose -3*z + 3*h - 9 = 3, 0 = -z + j*h. What is y(z)?
6
Let c(s) = -s**2 + 5*s + 3. Let g be (-4)/(-2)*(3 + -1). Determine c(g).
7
Suppose 17 = 3*x - 2*x. Suppose 0 = 4*a + 3*v + x, -a = -0*a + v + 4. Let f(u) = -u - 2. Calculate f(a).
3
Let l(z) = 2 + 3 + 7*z + 0 - 1 - z**2. Calculate l(6).
10
Let t(u) = u + 1. Let x(h) = 6*h - 6*h**2 + 6*h**2 + 5 + h**2. Let w be x(-4). Calculate t(w).
-2
Let w(y) = -y**3 + 3*y**2 + 3*y + 1. Let u be w(4). Let x(i) = -i**2 - 3*i - 4. Determine x(u).
-4
Let n(g) be the first derivative of g**5/20 - g**4/6 - 2*g**3/3 - g**2/2 - 2*g + 4. Let x(r) be the first derivative of n(r). Give x(3).
-4
Let j(l) = 1 + 5*l - 2*l - 4*l. What is j(6)?
-5
Let i be (3*1)/(1/2). Suppose k + 2*m = -i, 2*k = 3*k + 5*m + 21. Let a(c) = 3*c + 17*c**2 - 12*c**2 - 1 - 6*c**2. Calculate a(k).
-5
Let t = 8 - 5. Let r(f) = -2*f**3 - f**2 + 4*f. Let u(h) = h**3 + h**2 - 3*h. Let o(i) = t*r(i) + 4*u(i). Give o(-1).
3
Let y(k) = -k**3 - 3*k**2. Suppose -g = -0*g + 3. Let l be y(g). Let t(f) = -10 + 0*f + f**2 - f + 2*f. Determine t(l).
-10
Let p(o) = -o**2 + 3*o - 4. Suppose -4*n + 5 = 1, -5*x + 45 = 5*n. Let z be (3 - (x - 2))/(-1). What is p(z)?
-4
Let m(n) be the third derivative of n**6/120 + 7*n**5/60 + 7*n**4/24 - n**3/6 - 33*n**2. What is m(-6)?
-7
Let z(m) = 4*m + 22. Let n(s) = -5*s - 23. Let l(c) = 5*n(c) + 6*z(c). Determine l(11).
6
Let d(h) = h**3 - h**2 + h. Suppose -y - 8 = 5*p, -4*p - 16 = -3*y + p. Let t be (y - 4/2)/(-1). Give d(t).
0
Let w be (-28)/8 - -4 - 0. Let l(q) be the second derivative of w*q**3 + 0 + q - 1/12*q**4 + 3/2*q**2. Calculate l(3).
3
Let s(a) be the first derivative of -a**2/2 + a - 15. What is s(-2)?
3
Suppose 5 = s, -5*s + 13 = -2*f - f. Let v(o) = o + 4 - f. Let k(c) = c**2 + 13*c + 2. Let n(r) = k(r) - 6*v(r). Calculate n(-5).
-8
Suppose 0 = -r - 5*s + 40, r - 3*r - s + 44 = 0. Let d = 17 + -17. Suppose 3*f = -5*g + r, -5*f = 2*g - d*g - 27. Let a(m) = m + 1. What is a(f)?
6
Let n(v) be the third derivative of -v**6/120 + v**5/12 - v**3/3 - 4*v**2. Suppose 0 = -2*q + 3*s - 27, 37 = 4*q - 6*q + 5*s. Let j = 11 + q. Give n(j).
-2
Let s(h) = -h**3 + 5*h**2 + 3*h - 7. Let j be s(5). Let d = 4 - j. Let z(r) = -9*r**2 - 6. Let o(w) = -7*w**2 - w - 6. Let a(p) = 4*o(p) - 3*z(p). Give a(d).
-6
Let p(b) = -b**2 - b + 1. Let z(k) = -5*k - 50. Let r be z(-10). Determine p(r).
1
Suppose -3*m = 5*t - 5, t - 2*m - 1 = -0*m. Let n be ((0 + 2)/(-2))/t. Let s = 4 + n. Let k(f) = -f**3 + 3*f**2 - f + 2. What is k(s)?
-1
Let x(z) be the first derivative of 0*z - 1/2*z**2 - 1/4*z**4 + 5/3*z**3 + 1. What is x(5)?
-5
Let b(g) = g**2 - 3*g + 2. Let c be b(2). Let t(h) = c + 1 + 4*h - 2. Calculate t(1).
3
Let c(z) = 0*z + 3 - 4 + 2*z. Let d(p) = p**2 + 10*p - 8. Let t be d(-11). Give c(t).
5
Let j = -12 + 12. Let r(l) = l - 1. Determine r(j).
-1
Let h(x) = 2*x**3 + 3*x**2 + x. Let t(o) = o**3 + o**2 + o + 1. Let i(u) = -h(u) + t(u). Determine i(-3).
10
Let p(i) be the first derivative of -7*i**6/120 + i**5/60 - i**4/24 + i**3/6 - i**2/2 - 2. Let v(k) be the second derivative of p(k). Determine v(1).
-6
Let s(g) = 3*g - 16. Let m be s(6). Let n(c) be the first derivative of -c**4/4 + c**3 - 2*c**2 + 3*c + 2. What is n(m)?
-1
Suppose -o + 0 + 9 = 0. Let w be 3/2*24/o. Let n(y) = -6*y + 4*y + w + 4*y - y**2 + 4*y. What is n(5)?
9
Let v(w) = -w**2 + 5. Let x be v(0). Let t(g) = -5*g - 4*g**2 + x*g**2 + 4 + 4*g**2 + 0*g**2 - g**3. Suppose 2*b + b - 12 = 0. Give t(b).
0
Let v(b) be the first derivative of -b**4/4 + b**3 - b**2/2 + b - 7. Give v(2).
3
Let f(r) = -4*r - 2. Let z(s) = 5*s + 2. Let t(d) = -4*f(d) - 3*z(d). Give t(4).
6
Let f(g) = g**2 + 10*g + 16. Let s be f(-7). Let p(w) = 2*w + 1. Give p(s).
-9
Suppose r = -0*r + 1. Let v(n) = 5*n**2 - 3*n**2 - 2*n**3 + n + r + 3*n**3. What is v(-3)?
-11
Let x be (-3)/((-4)/16*6). Let o(l) = -l**2 + 3*l - 2. What is o(x)?
0
Let a(d) = 2*d**2 + d + 6. Let g(m) = -2*m**2 - m - 5. Let w(b) = 4*a(b) + 5*g(b). Let f be w(-1). Let c(k) = 3*k**3 + 3*k**2 + k. Calculate c(f).
-14
Let f = 5 + -2. Let m(c) = -c + 7. Let v be m(4). Let r(s) = -3*s + s - 2*s - 2*s**2 + v*s**2 - 2. Give r(f).
-5
Let q(k) be the third derivative of 0 + 2*k**2 + 0*k - 5/3*k**3 + 1/24*k**4 - 1/60*k**5. Let i be (2 - 1 - 1)*1. Calculate q(i).
-10
Let g(p) be the first derivative of 5 - 1/2*p**2 - 1/3*p**3 - 7*p. Let b be 6/(-9) + (-2)/(-3). What is g(b)?
-7
Let k = -14 - -22. Let y = k + -5. Let w(c) = -2 + 3*c**2 - c**y + 3*c**3 - 1 - c**3 - 6*c. Give w(-4).
5
Let z(f) = f**2 - 4*f + 1. Let w be z(6). Let t(d) = -5 - 20*d + 4 + w*d. Give t(-1).
6
Let c be (1 + -2)/((-6)/12). Let j(t) = -2*t**2 - 2*t**3 - 6*t**2 + 3*t**3 + t**c - 8 + 8*t. Give j(6).
4
Suppose 19 = 2*z - 5*k, -3*z - 6 + 0 = 4*k. Let i(u) = -u**3 + 3*u**2 - 3*u + 2. What is i(z)?
0
Let n(o) = o**2 - 13*o + 19. Let p be n(11). Let h(a) = -3*a**2 - 3*a - 3. Give h(p).
-21
Let k(l) be the third derivative of -l**6/360 - l**5/40 - l**4/8 + l**2. Let j(n) be the second derivative of k(n). What is j(-2)?
1
Let f(a) = a**2 + 3*a - 2. Let l be f(-4). Let i(r) = 2*r**2 + r - 1. Give i(l).
9
Let d(s) = s**3 + 7*s**2 - 7*s + 9. Suppose -14*k - 117 = -5. What is d(k)?
1
Let d(b) = -b**2 + 6*b + 6. Suppose 5*l + x = 29, 0*x + 26 = 4*l - 2*x. Calculate d(l).
6
Let x(j) = -j**2 + 3*j - 4. Let v(s) = s**2 - 9*s + 8. Suppose -3*l = -31 + 7. Let o be v(l). Suppose -4*h + 0 + 12 = o. Give x(h).
-4
Let u(f) = 34*f - 7. Let j(w) = -16*w + 3. Let q(n) = -13*j(n) - 6*u(n). What is q(-4)?
-13
Suppose -16 = 4*h + 5*j - 1, -4*j = 2*h + 6. Let p(w) = -w - 7. Calculate p(h).
-2
Suppose 0 = -7*d + 3*d. Suppose h + 0*h - 1 = d. Let x(r) = -3*r**2 + r. Determine x(h).
-2
Suppose 0 = 3*o - 5*l - 32, 0*o + o - 12 = 2*l. Let n(a) = 0 + 4 + 0*a + 3 - a. What is n(o)?
3
Let v(r) = r**3 - 6*r**2 + r - 6. Let b(j) = 5*j**3 - 29*j**2 + 5*j - 31. Let u(o) = 2*b(o) - 11*v(o). Give u(8).
-4
Let 